 8. Let d(r) = 5*k(r) - 3*t(r). Determine d(1).
-38
Let m(r) be the second derivative of -1/6*r**3 + 4 + 1/12*r**4 - 5*r - 1/2*r**2. What is m(2)?
1
Suppose 4366 = -24*t + 4414. Let n(s) be the third derivative of 1/12*s**4 + 1 - 1/30*s**5 - s**t + 1/2*s**3 + 0*s. What is n(4)?
-21
Let c = -190 + 187. Let h be (1/c*-3)/((-1)/(-2)). Let g(s) = s**3 - s - 1. Calculate g(h).
5
Suppose 3*w - 9 = -3*c, -5*c + 27 = 3*w - w. Let g be 1*2*(c + 34/(-4)). Let u(s) = -s**2 - 6*s. Give u(g).
9
Let m(k) = -k**2 - k. Let u(r) = 2*r**2 - 7*r + 6. Let w(h) = -m(h) - u(h). Let t = -3430 + 3437. Give w(t).
1
Let u(o) = 3*o + 7. Let x(g) be the third derivative of 2*g**4/3 + 35*g**3/6 + 44*g**2. Let k(f) = -11*u(f) + 2*x(f). Give k(-5).
-2
Let s = -246 - -246. Let n(o) = 7*o - 20 + s*o + 24. Calculate n(-5).
-31
Let u(d) = -49*d - 50*d + 9 - d**2 + 149*d - 53*d. Let m(k) = -2*k**2 - 4*k + 11. Let x(n) = -5*m(n) + 6*u(n). Give x(-2).
11
Suppose -3*f + 15 = 0, -4*f = 38*b - 35*b - 26. Let n = -1 - -1. Let t(q) = -6 - 5*q**2 + q**3 - 4*q - 2*q**3 + n*q**3 + b*q**3. What is t(6)?
6
Let a(x) = 8*x - 290. Let u be (-27)/((-162)/(-72) - 3). Give a(u).
-2
Let k = -156 - -172. Let o(r) = -2*r + 38 - 14 - k + r. Calculate o(0).
8
Let x(j) = 3*j**3 + 17*j**2 - 71*j - 13. Let q(r) = r**3 + 2*r**2 - 14*r. Let l(u) = -4*q(u) + x(u). Calculate l(6).
5
Let j(p) be the first derivative of p**4/4 + 8*p**3/3 - 6*p**2 - 20*p - 500. Determine j(-9).
7
Let h(k) = -k**3 + 9*k**2 + k + 8. Let l be 15/((-78)/(-63) + (-4)/(224/(-24))). Calculate h(l).
17
Let g(w) = 6*w + 1. Let a(p) = 32*p + 4. Let l(z) = -2*a(z) + 11*g(z). Let i(y) = -2*y - 5. Let m(q) = 4*i(q) + 7*l(q). Calculate m(1).
7
Let l = -308 - -313. Suppose -p = 8*d - 12*d - 10, -l*p + 31 = -d. Let j(v) = 5*v - 15. What is j(p)?
15
Let n(y) = -y**2 - 6*y + 4. Let l be n(-6). Let h(s) = 10 - 4*s - s + l*s. Let g = 3244 - 3239. Determine h(g).
5
Suppose -2*i - 306 = -5*i. Let t be 8/(-28) + i/14. Let s(n) = 5*n**2 - 21*n**2 - 3 - 1 + 17*n**2 + 0 - 5*n. Give s(t).
10
Let z(f) = f**3 - 9*f**2 + 8*f + 3. Suppose -4*r + 2*r + 3 = -l, 0 = -l + r + 2. Suppose l*j + 128 = 23*j. What is z(j)?
3
Let g(s) = s**2 + 852 + 4*s**2 - 835 + 6*s - 6*s**2 - 14*s. Determine g(3).
-16
Let w(v) be the first derivative of -7*v**3/6 - 3*v**2/2 - 215*v - 219. Let g(u) be the first derivative of w(u). Determine g(4).
-31
Let k(b) = -44*b + 1. Let z(v) be the third derivative of -7*v**4/12 - 19*v**2 + 2. Let j(m) = -2*k(m) + 7*z(m). Determine j(-3).
28
Let h(t) be the third derivative of 7*t**4/24 + 35*t**3/6 - 2461*t**2. Determine h(-3).
14
Let t(y) = -y**2 - 2*y - 2. Suppose -4*p = 5*j - 100, 6*j - 2*p = -7*p + 121. Suppose 2*m - j = -4*k, 3*k - 4*m = -6*m + 13. Determine t(k).
-17
Let v be -1 - -1 - (-1 - -1). Suppose a - 5*k - 3 + 2 = 0, v = 5*k - 5. Let j(b) be the second derivative of -b**3/6 + 4*b**2 - 113*b - 2. Give j(a).
2
Suppose 3*g - 6*g - 2*k = -28, 4*g - k - 41 = 0. Let f(o) = -9*o - g*o**2 + 8*o**2 - o**2 - 10 + 4*o**2. Calculate f(10).
0
Suppose -55 = -347*b + 358*b. Let c(k) = 112*k**2 - 7 - 113*k**2 + 8*k - 7*k. Give c(b).
-37
Let j be (-55)/5 + 2/(-1). Let k(l) be the second derivative of -l**4/12 - 7*l**3/3 - 8408*l. What is k(j)?
13
Let l be (-9)/(((-243)/(-6))/(-9)). Let x(z) = 10*z**3 - z**l + 2*z + 72 - 72 - z**3 - z**3. Give x(1).
9
Suppose 5*t - 4*t = -2*z + 5, t - 8 = -3*z. Let v(b) be the first derivative of -2*b**2 - b + 2. Give v(t).
3
Let b = 59 - 48. Let s(t) = 10 - 11 + t - b. Calculate s(9).
-3
Let p(i) = -30*i - 8. Suppose -202 + 157 = -45*l. Determine p(l).
-38
Let j(i) be the first derivative of i**3/3 - 11*i**2 - 7*i + 1517. What is j(19)?
-64
Let x(h) = 7*h**3 - h. Let r(p) = 15*p**3 - 2*p. Let b(f) = -6*r(f) + 13*x(f). Suppose -16*z = -4*z - 43*z + 62. What is b(z)?
6
Suppose -63 = -4*z + 3*z. Suppose z*m = 57*m - 42. Let k(s) = s**2 + 6*s + 2. Give k(m).
9
Let x(m) be the second derivative of m**5/5 + 2*m**4 - 9*m**2/2 - m - 125. Calculate x(-6).
-9
Let v(i) = i**2 + 13*i + 14. Let q be v(-12). Let p(t) = -5*t - 2*t**2 + 5*t**2 + t**2 - 4 - 3*t**q. Suppose -234 = -52*b - 42*b + 236. Give p(b).
-4
Let w(x) = -x**3 - 5*x**2 - x + 3. Suppose 0 = -4*s + 3*o - 11 - 10, -6 = -5*s - 7*o. Calculate w(s).
-12
Suppose 3*d + 35 = -7*m + 6*d, 5 = -m - d. Let o(s) be the first derivative of -s**4/4 - 4*s**3/3 + 3*s**2 - 2*s + 9. Determine o(m).
-7
Let i(s) be the first derivative of s**2 - 7*s + 20. Let v be 0 - (-4)/8*2*5. Determine i(v).
3
Let f be (-1 + 4)/(-6 - -7). Let z(h) = 7*h**3 + 6*h**2 + 2*h - 8. Let l(b) = 9*b**3 + 7*b**2 + 2*b - 9. Let x(m) = 4*l(m) - 5*z(m). What is x(f)?
7
Let i(g) = 5*g**3 + 91*g**2 - 22*g - 61. Let y(j) = -2*j**3 - 35*j**2 + 7*j + 21. Let v(l) = 4*i(l) + 11*y(l). Calculate v(-10).
-3
Let i(t) = 128*t**2 + 26 + 4 + 31*t - 126*t**2. Give i(-14).
-12
Suppose 136*k = 146*k + 40. Let d(t) = t**3 + 2*t**2 + 2*t + 3. Give d(k).
-37
Suppose -16*n + 104 + 145 = 57. Let q(y) = y**2 - 20*y + 101. Give q(n).
5
Let a(d) be the first derivative of 3*d**4/4 + 2*d**3/3 + d**2 - 618. Calculate a(-1).
-3
Let y(c) = 2*c - 7*c - 4206745*c**2 + 26 + 4206736*c**2 - c**3 + 4. Determine y(-8).
6
Let k(v) = -v**2 + 17*v + 81. Let p be k(-4). Let y = 20 - 21. Let c be (-6)/(2/(y/p*-3)). Let s(b) = -7*b - 2. Calculate s(c).
-23
Let r be 335181/(-154)*4/(-6). Let o(b) = -2 + r*b**2 - 3 - 1452*b**2 - 1 + 0 + 4*b. Give o(0).
-6
Let l = -63 - -66. Let h(m) = -l - 4*m + 7 + 1 - 3. What is h(1)?
-2
Let g = -840 - -841. Let b(y) be the third derivative of -y**5/5 + y**4/12 - y**3/6 - 16*y**2. Determine b(g).
-11
Let q(f) = 13*f**3 - 6*f**2 + 10*f - 14. Let l(o) = 71*o**3 - 29*o**2 + 49*o - 69. Let j(m) = 2*l(m) - 11*q(m). Give j(5).
31
Suppose 20*c = 31*c - 3487. Let g(r) = 19*r - r - 316*r**2 + c*r**2 - r + 1. Determine g(-17).
1
Let l(y) = -75 + 42*y - 67*y + 20*y**2 - 11*y**2 - 8*y**2. Calculate l(28).
9
Let d(o) = o + 5. Suppose 0 = -9*l - 2 - 106. Let b be (-14)/l*3*-4. What is d(b)?
-9
Let n(d) = d - 5*d + d + 5. Let v(p) = -p + 1. Let x(i) = n(i) - 4*v(i). Let m(l) = -l**3 - 10*l**2 + 46*l + 491. Let z be m(-8). What is x(z)?
-4
Suppose -3*u + 5*r = 15, 0 = 2*u + r + 61 - 25. Let m(n) = -2*n**3 - 32*n**2 - 34*n - 40. Calculate m(u).
20
Let k(b) be the second derivative of b**5/20 + 11*b**4/6 - b**2/2 + 5180*b - 2. Give k(-22).
-1
Let j(i) = -6*i - 83. Let g(t) = t - 38. Let u(q) = -2*g(q) + j(q). Determine u(2).
-23
Let a(h) = h + 2*h + 15 - 1 + 9 + 27 - h**2. Give a(9).
-4
Let g(v) = 7*v + 39. Let b be g(-6). Let f(m) = 23*m + 1. Let u(r) = 29*r + 1. Let n(k) = 4*f(k) - 3*u(k). What is n(b)?
-14
Let s(u) be the first derivative of -u**2 - 2*u - u - u + 33 - 5*u. Determine s(-8).
7
Let v(r) = r + 19. Let j be (-96)/(-432) - 241/(-9). Suppose 2*f - 18 = -28*o + 30*o, 3*o = -2*f - j. What is v(o)?
10
Let c(x) = -15*x**2 + 646 + 11*x**2 - 648 - x + 7*x**2. Calculate c(3).
22
Let c(l) = 1070 - 11*l - 499 - 512. Calculate c(6).
-7
Let h(m) = m**2 - 8*m + 2. Let i be h(8). Let y(x) = 2*x + x**2 + 2 - 2*x**2 + 5*x**i. Suppose 5*k + 30 = 0, -163*n + 5*k + 40 = -168*n. Give y(n).
14
Let y(k) = 7*k**2 + 19*k - 6. Let a be y(-6). Let l = a + -141. Let t(o) = o**2 + 9*o. Determine t(l).
0
Let s(g) = -2*g**2 - 3*g - 2. Let v be (5/2)/(-7*165/2772). What is s(v)?
-56
Let v(k) = -212*k + 6. Let u(t) = 297*t - 9. Let g(i) = 5*u(i) + 7*v(i). Let o be 12/10*15*1. Suppose -o = -3*m - 0. Give g(m).
3
Let t(b) be the second derivative of b**3/6 - 15*b**2/2 + 3416*b. Let p(f) = -f**2 - 9*f. Let a be p(-9). Give t(a).
-15
Suppose 48*p - 44*p = 3*s - 11, 2*s - 14 = -4*p. Let w(v) = -45*v**2 + v. What is w(p)?
-44
Let v(z) = -4*z - 8. Let l be v(-3). Let f(p) = -p**3 + 8*p**2 + p - 5. Let x(k) = -4*k**2 - 2*k**2 + 5 - 3 + 5*k**2. Let h(b) = -f(b) - 4*x(b). What is h(l)?
-7
Let g(h) = 0 - h**3 + 6 + 386*h**2 - 3 - 384*h**2. Let n(z) = 2*z**2 + 8*z + 9. Let b be n(-3). What is g(b)?
-6
Let l(y) = -9*y**2 + 9*y**2 - 7*y + 2*y**2 + 5*y**2 - y**3. Let n = -58 + 103. Let w be ((-2)/3)/((-6)/n). Determine l(w).
15
Let c(p) = 6*p**2 - 9*p + 7. Suppose 16*a - 40*a + 13*a = -33. Give c(a).
34
Let s(x) = 3*x**3 - 22*x**2 - 1324*x - 8. Let v be s(25). Let b(z) = 2*z**2 - 35*z + 23. Determine b(v).
6
Suppose 3*z - 8*z = -170. Suppose -z + 89 = -5*b. L